4/(-10) - (-1330142)/1030. Calculate the highest common factor of 90 and a.
30
Let z be ((-10619)/(-82))/(-4 - (-100)/24). What is the highest common factor of z and 222?
111
Let j be 1824/95*50/15. What is the greatest common divisor of j and 2336?
32
Let t(h) = -h**2 + 41*h + 4. Let n(a) = -a**2 - 18*a - 40. Let f be n(-10). Let c be t(f). What is the greatest common factor of 44 and c?
44
Let i = 4172 - 3724. What is the greatest common divisor of i and 28?
28
Suppose -4*s + 39 = 5*v, 5*s - 3*s = 2*v + 6. Suppose 0 = -s*j + 25*j - 6175. Calculate the greatest common divisor of 25 and j.
25
Let y be ((-3)/(-1) - 5) + 1. Let z be -6*1/y + 2 + -5. Suppose -z*m + 4*a + 18 = -14, -12 = -2*m + 5*a. What is the highest common divisor of m and 8?
8
Suppose -8*o + 1037 + 203 = 0. Calculate the greatest common factor of o and 180.
5
Suppose -2068360 = 32*j - 245*j - 202*j. Calculate the greatest common factor of j and 8.
8
Suppose 5*n + 34 = 2*d, -3*n - d = d + 30. Let z = -55 + n. Let i be (z/(-6))/((-3)/(-6)). What is the greatest common divisor of i and 7?
7
Suppose -3*s + s = -4*q - 4, 17 = -3*q - 2*s. Let i be (3 + 13 - -5) + q. Let x be (5 - (-19)/(-3))*3*-1. Calculate the highest common factor of i and x.
2
Let u be (-6118)/(-7) - (-30 - -24). Calculate the greatest common divisor of u and 143.
11
Let b = -7832 - -8905. Calculate the highest common divisor of 3071 and b.
37
Let w(j) = -j**3 + 7*j**2 + 2*j. Let o be w(5). Let x(f) = 197*f + 1230. Let a be x(-6). What is the highest common factor of o and a?
12
Suppose 204*f = 201*f - v - 1, v + 5 = -f. Calculate the highest common divisor of f and 1103.
1
Suppose -3*x + 4*b = -416, 5*x + b = -205 + 860. Let l(u) = u**3 - 13*u**2 + 53*u - 575. Let d be l(14). Calculate the highest common factor of d and x.
33
Suppose 0 = -4*p - g + 944, -5*p = 4*g - 128 - 1063. Suppose 6*c - 25 = c. What is the greatest common divisor of p and c?
5
Let u = -1712 - -3680. Calculate the highest common divisor of u and 1722.
246
Let z(c) = -c**3 + 13*c**2 + 3*c + 17. Let t be z(-11). Suppose t = 8*s - 1240. What is the greatest common divisor of s and 12?
12
Suppose 0 = -23*u + 27*u - 28. Let h be 41 - (u + -8)/(-2 + 1). What is the highest common factor of h and 30?
10
Let i be ((-1690)/(-30))/(-13)*(-22 + -2). Suppose -n + q + 32 - 8 = 0, 5*n - q - i = 0. Calculate the highest common factor of 25 and n.
5
Suppose 7*t + 70 = 17*t. Let s be (5/(20/t))/((-5)/(-1180)). Calculate the greatest common divisor of 59 and s.
59
Let u = 18 + -10. Suppose -93*p = -90*p - 1464. What is the highest common factor of p and u?
8
Suppose -40*a + 10*a = 35*a - 7150. Calculate the highest common divisor of 310 and a.
10
Suppose 0 = 577*f - 561*f - 3808. Suppose -400 = -9*z - f. Calculate the highest common divisor of z and 63.
9
Let n = -1323 + 10058. What is the greatest common factor of 5 and n?
5
Suppose k = -3*a + 150, k - 87 = -a + 71. Let h be (-7)/(1554/(-148)) + 0 + (-214)/(-3). Calculate the greatest common divisor of k and h.
18
Suppose 84*q - 401 - 12012 = 2875. What is the highest common divisor of q and 6643?
91
Let i = -6260 + 7909. What is the highest common divisor of 291 and i?
97
Suppose 40 = -2*v - 120. Let k = -31 - v. Calculate the highest common divisor of 7 and k.
7
Let j be -1 + (-2)/(-5*3/45). What is the highest common divisor of 2560 and j?
5
Suppose 156*d - 62*d = 72192. Calculate the highest common divisor of d and 51.
3
Suppose 3*j = -2*o + 44, 0*j - 54 = -3*j + 3*o. Suppose 2*n + 186 = 4*d, -d - 4*n - 12 = -72. Calculate the greatest common factor of d and j.
16
Let n(p) = -2*p**3 - 6*p**2 - 25*p - 4. Let l(m) = -m**3 + 16*m**2 - 5. Let c be l(16). Let t be n(c). Calculate the greatest common divisor of t and 13.
13
Let q be 785/4 - ((-6)/(-48))/((-3)/(-6)). Calculate the greatest common factor of q and 1092.
28
Let h be (-2)/(4*(-2)/28). Suppose 97 = -h*x - 169. Let a be -1 - (-1)/((-2)/x). Calculate the greatest common divisor of 3 and a.
3
Suppose 4*b - 3768 = -444. Let x = -588 + b. Let t(o) = -o**2 + 172*o - 4453. Let w be t(32). Calculate the greatest common factor of w and x.
27
Let w be 8/2 + (0 - 6). Let a be (w + 4)*3/2. Suppose 0 = -a*l + 8*l - 255. What is the highest common factor of 34 and l?
17
Let z be (-12)/2*-191*((-4)/(-3) + 0). What is the greatest common factor of 32 and z?
8
Suppose -2*c = 4*k - 28, -3*k - 4*c - 168 = -174. Calculate the greatest common divisor of 25 and k.
5
Suppose 2*u + 34 = -6. Let t be (-5)/u + 6/8. Suppose -t = -3*o - 7, 4*y + 3*o = 42. What is the highest common divisor of y and 18?
6
Suppose -105*b + 10532 = -100*b + 3*o, 5*o = 20. What is the highest common divisor of 8 and b?
8
Suppose 0 = 2*a + 5*x - 75, 3*x - 129 = -117*a + 113*a. Let b(g) = 5*g - 1. Let f be b(-7). Let n = -18 - f. Calculate the greatest common divisor of n and a.
6
Let a(v) = 189*v**2 + 2*v + 2. Let u be a(-1). Let p be (-4)/(-22) + (-258)/(-33). Suppose -26 = -p*f + 190. What is the greatest common factor of f and u?
27
Suppose 2*w - 243 = -336*j + 341*j, -2*w - 5*j = -333. Suppose 2 + 238 = 5*s. What is the greatest common factor of s and w?
48
Let n be -20*(3 + 31/(-5)). Suppose 3*m = -2*w + 203, -2*m - 4*w + 152 = 22. Suppose m*i - 50 = n*i. What is the greatest common factor of 5 and i?
5
Let z(n) = -2*n**3 + 75*n**2 + 120*n + 99. Let c be z(39). Let b be 6/(-5)*(-45)/6. Calculate the greatest common factor of b and c.
9
Suppose 39*x - 151*x = -1680. What is the greatest common factor of x and 5970?
15
Let g(w) = -3*w + 27. Let t(c) = 10*c - 84. Let s(b) = 7*g(b) + 2*t(b). Let m be s(11). Calculate the highest common divisor of 470 and m.
10
Let w be (7 - 7) + (1 - -1). What is the highest common factor of 338 and w?
2
Suppose -381*c = -379*c + 172. Let o = c + 128. What is the highest common factor of 168 and o?
42
Let i be (54/(-4))/(3/288*-4). Calculate the greatest common divisor of 396 and i.
36
Let g = -1845 + 2133. What is the greatest common divisor of 384 and g?
96
Suppose 0 = k, 4*r - k = 2*k + 32. Suppose 0*a + 156 = 13*a. What is the highest common factor of r and a?
4
Suppose 0*s = -4*s + 588. Let f(y) be the first derivative of 7*y**2 + 7*y - 159. Let b be f(1). What is the greatest common factor of s and b?
21
Suppose 112 = l + l. Suppose 0 = c + c - l. Suppose 2*z + 382 = 4*w, -5*w - 14*z = -16*z - 480. Calculate the greatest common divisor of w and c.
14
Let d = 139 + -44. Let q be 5684/290 - 3/60*12. What is the highest common factor of d and q?
19
Let q = -20 + 24. Suppose 75 = q*f + 6*i - i, 5*f - 5*i = 150. Suppose 0 = 4*x, -11*m + 5*x = -14*m + 3. Calculate the highest common factor of f and m.
1
Let p(t) = -t**3 + 10*t**2 + 2*t + 7. Let q = -19 - 10. Let l = -19 - q. Let y be p(l). Calculate the highest common factor of y and 18.
9
Let y be -1 - 213/(-5) - 64/(-160). Suppose -21*u + 23*u = -5*h + 111, 0 = -5*u - h + 243. What is the greatest common factor of u and y?
6
Let s be (-1307634)/(-2256) - (-3)/8. What is the highest common factor of 5075 and s?
145
Suppose -76 = -3*k - k + n, -4 = -k + 4*n. Let f be (0 - 1) + k - -1. Let y = 297 - 277. Calculate the highest common factor of y and f.
20
Let m(c) = -c**2 - 8*c + 21. Let u be m(-10). Let o be (-3)/((1/31)/(7/(-21))). Calculate the highest common divisor of u and o.
1
Let x be 2429/2 + 6 + (-65)/10. Suppose -x = 7*u - 3601. What is the highest common factor of u and 11?
11
Let q(p) = p**2 - 13*p + 18. Let l be q(11). Let f be 30/(7 + l) + -4. Suppose -4*k - f = -30. Calculate the highest common factor of k and 66.
6
Let t(u) = -6*u + 157. Suppose 0 = 11*q - 88 - 154. Let o be t(q). What is the greatest common divisor of 45 and o?
5
Suppose 7*m - 590 = 600. What is the highest common divisor of m and 2125?
85
Let a be 508/7 - 3/(-7). Let z = a - 38. Calculate the highest common factor of 21 and z.
7
Suppose 5*v - 302 = 5*z + 63, -v = 5*z - 85. Let l(i) = -i**3 + i**2 + 2*i - 5. Let q be l(-4). Let y = v - q. What is the greatest common divisor of y and 20?
4
Suppose 3*u = 31 - 13. Suppose -2*p - 45 = -7*p. Let w be 41/2 - p/u. Calculate the greatest common divisor of w and 171.
19
Let l = -1512 + 3877. What is the highest common divisor of l and 110?
55
Let d be (-1)/(-6 + 232/40). Suppose d*y - 